e a(1). Let f = 139 - p. Calculate the highest common divisor of 15 and f.
15
Suppose 24 - 35 = -g. Let o be 1264/10 - 12/(-20). Let f = -61 + o. What is the highest common factor of g and f?
11
Suppose -4*q - q + 210 = 0. Let b be (-56)/(-6)*216/q. Let m be (18/27)/((-1)/(-36)). What is the highest common divisor of b and m?
24
Let j be (18/12 + -1)/(2/12). What is the greatest common factor of 201 and j?
3
Let j(f) = -f - 1. Let s be j(-3). Suppose -t - 2 = s. Let c be t*(1 - (-14)/(-8)). What is the greatest common factor of 12 and c?
3
Let m be (-2)/18 - 5084/(-558). Calculate the highest common divisor of m and 441.
9
Let l(a) = -30*a. Let j be l(-1). Let f = -88 - -223. Calculate the greatest common factor of j and f.
15
Let i = -201 + 336. Let s = 115 - 61. Calculate the highest common divisor of i and s.
27
Suppose -i = -0 - 2. Let f be i - -1 - 17/(17/(-12)). Calculate the highest common divisor of 105 and f.
15
Suppose m + 0*m + 4 = 0. Let f be (-2432)/(-12) + m/(-12). Let d = -52 + 81. Calculate the greatest common factor of d and f.
29
Let w(t) = -60*t**2 - 2*t - 1. Let r be w(-1). Let k = 102 + r. Suppose -n - 4*i = -25, -k = -3*n - 2*i - 2*i. Calculate the highest common divisor of 81 and n.
9
Suppose -4*r + 29 = -3*d, -3*d + 7*d + 37 = 5*r. Suppose -3*k + 19 = r*i, i + 3 = 5*k + 18. Calculate the greatest common divisor of i and 2.
1
Suppose 4*c + 24 = -4*t, 6*c = -4*t + c - 28. Suppose 0 = -3*l + l + 64. Let w be (t + l/20)*-15. Calculate the highest common divisor of w and 24.
6
Suppose 20*q - 18 = 18*q. What is the highest common factor of 153 and q?
9
Let z(q) = q**3 - 9*q**2 - 8*q + 22. Let u be z(9). Let v = -25 - u. Calculate the highest common divisor of 10 and v.
5
Suppose 5*t - 4*u - 33 = 0, 29 = 4*t + t - 2*u. Suppose -t = -c + 3. Calculate the greatest common divisor of c and 16.
8
Suppose 4*f = 5*x - 33, -3*x + 0*x = -f - 3. Let j = 21 - f. What is the greatest common divisor of j and 297?
33
Let u be (6/(-6) + 75)/2. Calculate the greatest common divisor of 185 and u.
37
Let o(y) = -32*y + 98. Let r be o(3). Calculate the highest common divisor of 58 and r.
2
Suppose 2493 = 5*x - 3*a - 305, x = 2*a + 561. Calculate the greatest common factor of 43 and x.
43
Let m be 4*2 + (6 - 8). Let w = 17 + m. Suppose 5*b - i - 344 = 0, 9*b = 4*b + 2*i + 343. What is the highest common factor of b and w?
23
Suppose 0 = -27*y + 2702 + 1888. What is the highest common factor of y and 10?
10
Suppose 2*b + 4*s - 544 = 0, b + 3*s - 2*s = 276. What is the highest common factor of b and 40?
40
Let r be (3/15*5)/((-4)/(-460)). Let f(u) = u**2 + 5*u + 5. Let z be f(-5). What is the highest common divisor of r and z?
5
Let c be (-1352)/(-6) + 54/(-162). Calculate the greatest common factor of 90 and c.
45
Suppose q = -2*v + 329, -4*v + 2*q + q + 663 = 0. Let c be -8*(0 - 1) - (57 - 64). Calculate the greatest common factor of v and c.
15
Suppose -32*w + 27*w = -250. What is the highest common factor of w and 575?
25
Let f(x) = -x**3 + 12*x**2 - 17*x + 6. Let l be f(8). Calculate the highest common factor of 14 and l.
14
Let b(z) be the second derivative of 2*z**3/3 + 3*z**2 - 3*z. Let j be b(2). Let d be 2 + j + 0/2. What is the greatest common factor of d and 2?
2
Let a(d) = d + 7. Let s be a(-3). Suppose 0 = s*p - 21 - 135. Calculate the greatest common divisor of p and 13.
13
Let t(g) = 4*g + 110. Let r(m) = 2*m + 55. Let p(a) = -7*r(a) + 4*t(a). Let h be p(-23). Calculate the highest common factor of h and 9.
9
Let q be ((-2)/(-4))/(2/(-60)). Let t be ((-6)/15)/(5/75). Let n = t - q. What is the highest common divisor of n and 99?
9
Let u be (2/(-10))/((-2982)/1490 - -2). Let q = u + -139. Calculate the highest common factor of q and 2.
2
Suppose -165 = -3*w - 12*w. Suppose -2*k + 154 = -0*k. What is the greatest common divisor of k and w?
11
Let w(j) = 1542*j - 32. Let a be w(2). What is the highest common divisor of a and 14?
14
Suppose 72 = 4*b + 20. Suppose -3*m + 20 + b = 0. Suppose c - 11 = m. Calculate the greatest common divisor of 11 and c.
11
Let y(i) = i**2 + 5*i + 6. Let x be y(-5). Let f = -4 - -7. Suppose -4*u = 4*z + u - 32, -f*z + 17 = 2*u. Calculate the highest common factor of z and x.
3
Let b be (18/(-36))/(1/(-20)). Suppose 0 = c - 25 + b. Calculate the greatest common factor of c and 6.
3
Let g be 28/182 + (-219)/(-13). Suppose 25 = g*m - 12*m. Suppose 230 = m*n + 20. Calculate the greatest common divisor of 105 and n.
21
Suppose -2*m = -a - 182, 0 = -8*m + 6*m + 2*a + 184. What is the greatest common divisor of 80 and m?
10
Let p(v) = -14*v. Let k be ((-47 + -3)/5)/((-4)/(-2)). Let s be p(k). Calculate the greatest common divisor of 10 and s.
10
Suppose 160 = 7*i - 2*i. Let s be i/24*33/4. What is the highest common divisor of 55 and s?
11
Let o(w) = -10*w + 218. Let k be o(13). What is the greatest common factor of k and 121?
11
Let d(j) = j**3 + 4*j**2 - 9*j - 9. Let t be d(-6). Let k = t - -42. What is the greatest common divisor of 135 and k?
15
Suppose -36*h + 65*h = 68382. Calculate the highest common factor of 18 and h.
18
Suppose 16 = 5*w + 2*g, -4*w + g = 6*g - 6. Let h = 6 - w. Let c(i) = 16*i**2 - 4*i - 4. Let f be c(-1). What is the highest common divisor of h and f?
2
Let h be 0*(4 - 3 - 2). Suppose -5*s + 27 = l, h = 2*s + 2*s - 8. Calculate the greatest common factor of 102 and l.
17
Suppose 2*z - 2 = 0, 33 = -3*f + 4*z - 67. Let c = 74 + f. Let t be 14*(-2)/(-4) + -1. What is the greatest common divisor of t and c?
6
Suppose o - 5*o = -16. Suppose h = 0, t + 0*h - 8 = -2*h. Calculate the highest common divisor of t and o.
4
Suppose -39 - 9 = -3*m. Let a be m*((-8)/6)/(20/(-15)). What is the greatest common factor of 24 and a?
8
Suppose 4*i = i - 15. Let a(u) = u**3 - 6*u**2 + u + 14. Let f be a(6). Let g = f + i. What is the greatest common divisor of 10 and g?
5
Let b be 3 - (-200)/((-4)/(-1)). Let p(v) = -31*v**2 - 1 + b*v**2 + 0 + 38*v**2 - v. Let o be p(-1). What is the greatest common divisor of 12 and o?
12
Suppose -8*y = -856 - 1704. What is the highest common divisor of 80 and y?
80
Suppose 275 = -0*h + 5*h. Let r be 18*(960/252 - 7/49). Calculate the greatest common divisor of h and r.
11
Let x(t) = t**3 - 4*t**2 - 10*t - 8. Let g be x(8). Let q be -1*(-25 + -1 + 5). Calculate the highest common factor of q and g.
21
Let s be 14*-2*(-4 + 21/6). Calculate the highest common factor of 38 and s.
2
Let y be -9 + 0 - 551/(-19). What is the highest common divisor of y and 384?
4
Let h = -115 + 171. Let m(b) = 19*b**2 + 2*b + 1. Let x be m(-1). Suppose 0 = 2*z - 46 + x. Calculate the greatest common factor of h and z.
14
Suppose -3*o + 2 = -4. Calculate the greatest common factor of o and 212.
2
Let m = 14 - 29. Let f = -1 - m. What is the highest common divisor of f and 56?
14
Let a(p) = -p**2 + 9*p - 2. Let l be a(6). Suppose -75 = -9*r + 4*r. Let q be (1 + r)*(-6)/(-12). Calculate the greatest common factor of q and l.
8
Suppose 0 = -11*n + 19*n - 224. Calculate the greatest common factor of n and 21.
7
Suppose 5*n + 2*b - 392 = -0*n, -4*n + 311 = -b. Let w = n - 40. Calculate the greatest common divisor of w and 95.
19
Let w(u) = 2*u + 2. Let r(b) = 13*b**2 + b - 2. Let p be r(1). Let j be w(p). Let i(h) = 27*h - 8. Let f be i(8). What is the greatest common factor of f and j?
26
Let a = -184 + 418. Let f be ((-1)/(-2))/(9/a). What is the highest common divisor of 117 and f?
13
Let b be 198/((-10)/75*-5). What is the greatest common factor of b and 33?
33
Let s(c) = c**2 + 9*c + 197. Let l be s(-8). Let r(q) = -4*q + 3. Let y be r(-6). Calculate the greatest common factor of y and l.
27
Suppose i - 4 = -2*s + 2, -3*s = -i - 14. Suppose 3 - 5 = h - 4*y, -2*y = -s*h + 6. What is the highest common factor of 1 and h?
1
Let x(h) = 2*h**2 + 37*h - 10. Let c be x(-20). Calculate the highest common divisor of 200 and c.
50
Let d be (-198)/(-22) - (2/(-1) - -4). What is the greatest common divisor of d and 259?
7
Let m be (-6)/(-45)*3 - 2086/(-35). Calculate the highest common divisor of 84 and m.
12
Let i(y) = -14*y + 618. Let g be i(41). Calculate the greatest common factor of 16 and g.
4
Suppose 5*o - v - 708 = 0, -20*v - 4 = -22*v. What is the highest common factor of 71 and o?
71
Suppose -